 + 7*w**2 + 8*w - 3. Let j be n(-6). What is the remainder when 57 is divided by (-39 + -1)/c*18/j?
9
Suppose 0 = s + 3, 2*c + s + 0*s + 105 = 0. What is the remainder when 160 is divided by (85/c)/((-5)/126)?
34
Let p = 773 - 768. What is the remainder when 1305 is divided by p?
0
Suppose 2*l = c + 140 + 172, -5*c = -7*l + 1080. Calculate the remainder when l is divided by 33*2/3 + 1.
22
Suppose 31*o - 34*o + 444 = 0. Let k = 149 - o. What is the remainder when 6 is divided by k?
0
Suppose -77 = -8*o - 69. What is the remainder when (-9)/((o/(-3))/1) is divided by 16?
11
Suppose -19741 - 9239 = -207*n. Calculate the remainder when 834 is divided by n.
134
Let p = 76 - 74. Suppose p*c + 2 = 252. Let x(w) = w**2 - 3*w - 24. What is the remainder when c is divided by x(-5)?
13
Let u(s) = -s**3 + 10*s**2 - 11*s - 4. Suppose -15 = 11*g - 48. Calculate the remainder when u(g) is divided by 3 + -1 + 2 + 11.
11
Suppose f = o - 2*o + 20, 0 = -o + 5*f + 32. Let i = 26037 + -26025. Calculate the remainder when o is divided by i.
10
Let p(i) = -5*i - 5. Let j(z) = -z**2 + 6*z + 6. Let d(o) = -4*j(o) - 5*p(o). Suppose -8*y = -367 + 231. What is the remainder when y is divided by d(-1)?
1
Let l(s) = 57*s + 2972. Calculate the remainder when 486 is divided by l(-49).
128
Let v(j) = -j**3 + 11*j**2 - 21*j + 29. Let r be v(9). Suppose 0 = -r*c - 3*l + 68, c + 0*l + l = 32. What is the remainder when 249 is divided by c?
25
Let f be (-7)/(-21) + (-2436)/(-9). Suppose -9*q + 4*q - 75 = -t, 0 = -5*t - q + f. Calculate the remainder when t is divided by 31.
24
Let a = 10 + 1. Suppose 4*p = 7*p - 21. Calculate the remainder when a is divided by 8 - 10 - p*-1.
1
Suppose 52*q = 41*q + 55. Suppose 4*i - 68 = -q*z, -i - 4 - 15 = -z. What is the remainder when 269 is divided by z?
13
Suppose 5*q + 0*p - 2*p = -288, 2*q + 3*p + 119 = 0. Let y = q + 86. Suppose -3*m = -7*m + 332. What is the remainder when m is divided by y?
27
Suppose 0 = 12*g - 11*g, -5*q + 290 = -g. Suppose n - 63 = -2*n. Calculate the remainder when q is divided by n.
16
Suppose -4*p + 952 = 2*m, -1009 = -5*p + 3*m + 181. Calculate the remainder when p is divided by 30.
28
Let x(b) = b**3 + 10*b**2 - 173*b - 18. Calculate the remainder when x(11) is divided by 69.
68
Suppose 4*n - 1 = 27. Let g = 50 + n. Let b = 83 - g. What is the remainder when b is divided by 6?
2
Let x = -12 + 12. Suppose v + 2*v - 15 = x. Suppose 6*i - 2*i - 123 = -v*h, -5*i - 69 = -2*h. Calculate the remainder when h is divided by 8.
3
Let k(f) = 90*f + 2033. What is the remainder when k(-22) is divided by 15?
8
Let c = -738 - -789. Calculate the remainder when 1682 is divided by c.
50
Calculate the remainder when (-4)/(-102) + (-464120)/(-2091) is divided by 38.
32
Suppose 22*z = 4032 - 974. Suppose 0 = 6*g - z - 269. Calculate the remainder when 542 is divided by g.
66
Let k be 3/((-7 + 6)*12/(-28)). Suppose -2*c + k*c = 90. Calculate the remainder when 207/(-6)*2/(-1) is divided by c.
15
Suppose -7*g = 3*g. Let x be 5 - g*(-4)/8. Suppose 0*h + 5*h = -5*i + 445, 4*h - 355 = -x*i. What is the remainder when h is divided by 23?
21
Let b(r) = -1440*r**3 - 3*r**2 - 3*r - 1. Calculate the remainder when b(-1) is divided by 38.
33
Let w(h) = 17*h**2 + 21*h - 4. Calculate the remainder when w(2) is divided by -18*(0 - 2)/2.
16
Let p(b) = b**3 - b**2 - b. Let d(x) = 5*x**3 - 31*x**2 + 25*x - 64. Let f(v) = d(v) - 4*p(v). Calculate the remainder when 94 is divided by f(26).
10
Let p(d) be the second derivative of 7*d**5/5 - d**4/2 + 51*d. Calculate the remainder when p(2) is divided by 29.
26
Let n be -5 + -3 + 4 - 4. Suppose 3*h - 3 = -5*x, 8*x = 6*x + 5*h + 26. Calculate the remainder when ((-1)/(-2))/(n/(-464)) is divided by x.
2
Suppose 4*u - 45 = 3*o, -48*o + 46*o = -4*u + 50. Suppose 5*x + 5*c = 60, -x + u*c + 15 = 17*c. Calculate the remainder when 9 is divided by x.
0
Suppose 3*d = w - 63, 2*w - 4*d - 315 = -3*w. Let y(j) = 5*j**3 - 43*j**2 - 19*j + 17. Calculate the remainder when w is divided by y(9).
7
Let l = 87 + -77. Let f(s) = -2*s - 3 + 0*s + s**3 + 6*s**2 - 3 - 2*s. Calculate the remainder when f(-6) is divided by l.
8
Let r(p) = -2*p**3 + 48*p**2 - 39*p + 268. What is the remainder when r(20) is divided by 893?
9
Let r = 260 - 225. Calculate the remainder when (-126)/r*(10/(-3) - 0) is divided by 4.
0
Suppose 2*d - 91 + 17 = 0. Suppose -d*j = -38*j - 3. Calculate the remainder when j/(-18) + 1563/18 is divided by 30.
27
Suppose -2*h + 33 = 5*t, -3*h + 2*h + 4*t = 3. Suppose -3*k + 4*c = -120, -32 = -k + 3*c + 3. Calculate the remainder when k is divided by h.
8
Suppose -14*z = 12*z - 23*z - 12075. Calculate the remainder when z is divided by 11.
10
What is the remainder when 250 is divided by (-6528)/(-1224) + 592/6?
42
Suppose -3*z - 15 = -54. Calculate the remainder when ((-1)/(8/(-100)))/(-9 + (-152)/(-16)) is divided by z.
12
Suppose -13*r - 17*r = 4*r - 272. What is the remainder when 861 is divided by r?
5
Let m = -62 + 70. Let u be 1 + -1 + (-2 - (-4)/2). Calculate the remainder when (-165)/(-10) - ((-6)/(-4) + u) is divided by m.
7
Suppose -w + 637 = -3*n, 2*n - 4*w = -2*w - 430. Let q = 301 + n. What is the remainder when q is divided by 13?
12
Let x(t) = -t**3 + 3*t**2 + t - 2. Let g be x(3). Let s(w) = -65*w**2 + 1. Let z be s(g). Let v = 97 + z. Calculate the remainder when v is divided by 5.
3
Suppose -3*t + 255 - 793 = -5*g, -3*g + 322 = -2*t. What is the remainder when 4067 is divided by g?
107
Suppose -8*w = 158 + 138. Let k(z) = z + 40. What is the remainder when 69 is divided by k(w)?
0
Suppose -5*r - 4*z = -1246, -5*r = 17*z - 20*z - 1288. Suppose 0 = g - 44 - 7. What is the remainder when r is divided by g?
50
Suppose -2*q - 3195 = -5*t, -2*q - 2*t = -5*q - 4776. Calculate the remainder when (2/6)/(((-70)/14)/q) is divided by 18.
16
Suppose 0 = 5*y + 5*x - 5, 6*x + 2 = -2*y + 2*x. What is the remainder when 270 is divided by 0/(-4) + y - -18?
18
Let w be (-4 + -1)*(-2)/2. Suppose -2*b = 5*m - 219, 251 + 219 = w*b - 3*m. Suppose -30*q + 380 = -11*q. Calculate the remainder when b is divided by q.
17
Let d(a) = 59*a**2 - 74*a + 232. What is the remainder when d(6) is divided by 64?
56
Suppose -85*m + 4936 + 3074 = -7460. Calculate the remainder when 2343 is divided by m.
159
Suppose 91*h - 20824 + 167 = 0. Calculate the remainder when h is divided by 155.
72
Suppose 0 = -14*r + 41*r - 5616. Suppose 4*n - r = 3*z, 3*n - 5*z = 6*n - 156. What is the remainder when 95 is divided by n?
43
Suppose -154*s - 520 = -206*s. What is the remainder when 535 is divided by s?
5
Suppose -o + 5*o = f + 106, 0 = 3*f + o + 344. Let z = 591 + f. Calculate the remainder when z is divided by 60.
57
Let d(j) = 2*j**2 - 60*j - 87. What is the remainder when d(34) is divided by 124?
61
Let c be (-1 - (67 + -2)/(-5))*1. Let i = 27 - c. What is the remainder when 29 is divided by i?
14
Let x be 3/(-4) + 0 - 1975/(-100). Suppose -276 = -y + x. Suppose 206 = 4*k + 2*n - 24, n - y = -5*k. Calculate the remainder when k is divided by 13.
8
Let r(w) = 23*w**2 - 3*w - 1. Let f = 12 - 20. Let c(k) = -k**3 - 6*k**2 + 17*k + 7. Let z be c(f). Calculate the remainder when 47 is divided by r(z).
22
Let w(x) = -6*x + 178. Let j be w(29). Suppose -3*z - 3*q + 123 = 0, -j*q - 215 = -5*z - 19. Calculate the remainder when z is divided by 23.
17
Let d(q) = -10*q**3 - 72*q**2 + 16*q - 4. Calculate the remainder when d(-8) is divided by 56.
44
Suppose -14*q + 8*q + 96 = 0. Suppose -5*d + 54 + q = 0. Calculate the remainder when 55 is divided by d.
13
Let l = -9228 - -15984. Calculate the remainder when l is divided by 21.
15
Let r(g) = -2 + 4 - 16*g - 29*g + 6*g - 17. Suppose 3*m + 2 = 5*j, 3*m + 2 = m + 3*j. Calculate the remainder when r(m) is divided by 12.
9
Let w = -133 + 149. Suppose 2*s + 5*b = -4, 3*s - 10*b + 5*b = 44. Calculate the remainder when w is divided by s.
0
Let w(i) be the first derivative of 3*i + 8/3*i**3 - 15 + 5/2*i**2 + 1/4*i**4. What is the remainder when 48 is divided by w(-7)?
14
Let k = -6652 + 7118. Calculate the remainder when k is divided by 13.
11
Suppose -2*r = -0*r - 63 + 5. Calculate the remainder when 1469 is divided by r.
19
Suppose -c + 44 = 2*z, 3*z - 108 + 44 = -2*c. Calculate the remainder when 4